 6. Let u = -43 - j. Is u a multiple of 61?
False
Let a be 169 - -14*8/16. Is 2 a factor of (-18)/30 - a/(-10)?
False
Let t(b) = -86*b - 70*b + 187 + 29 + 175*b. Is 16 a factor of t(-8)?
True
Let z = 120 + -95. Does 26 divide z/((-2250)/(-42108)) - (-4)/30?
True
Suppose -13338 = 13*i - 38350. Does 51 divide i?
False
Let j(b) = -b**3 + 59*b**2 - 315*b + 114. Does 35 divide j(25)?
False
Suppose -27 = -11*r + 8*r. Let y be r/27*(-33)/2*-8. Suppose -12*d = -10*d - y. Does 14 divide d?
False
Let p(y) = -2*y**2 + 183*y + 6856. Is 25 a factor of p(0)?
False
Let x(u) = -u**2 + 7*u + 7. Let a be ((-18)/21)/(4/(-14)). Let f be ((-4)/((-12)/a))/((-1)/(-7)). Is 2 a factor of x(f)?
False
Let h be (38/(-3))/((-5)/15). Suppose -2*a = -h - 40. Suppose 3*x + a = 3*u, 3*u = -2*x + 4*x + 39. Is 2 a factor of u?
False
Let p(m) be the first derivative of -m**4/4 - 7*m**3 - 10*m**2 + 3*m + 5. Let j be p(-20). Suppose j*r = 4*o - 304, -5*r + 192 + 153 = 5*o. Does 10 divide o?
False
Let w(k) = 3010*k**3 - 4*k**2 - 3*k - 6. Is 14 a factor of w(2)?
True
Suppose -2*g - 9 = -5*g. Suppose -4736 = -g*o - o. Suppose 9*l - l - o = 0. Does 39 divide l?
False
Let t = 52 - 48. Let q(s) = 3*s**2 + 3 - 26*s - s**2 + t*s**2 + 22*s. Is 15 a factor of q(3)?
True
Suppose f - 2*l = 23446, 12584 = f + 2*l - 10890. Is 92 a factor of f?
True
Let s(x) = 2*x**2 + 17*x + 38. Is 2 a factor of s(-17)?
False
Suppose 8*c = -49*o + 51*o + 18836, -3*c + 4*o + 7070 = 0. Does 6 divide c?
False
Suppose -3*y + 46600 = -5*g, -3*g - 31068 = -43*y + 41*y. Is y a multiple of 14?
True
Is 20 a factor of (-3 - 96/(-28)) + 247458/14?
False
Suppose -4*b - 2 = -18. Suppose 419 - 191 = b*c. Is 6 a factor of c?
False
Let y(w) = -3*w + 9. Let t be y(3). Let z be (-1 - 0)*(-3)/6*t. Suppose 4*v + z*v - 60 = 0. Does 3 divide v?
True
Is 245 a factor of (-87903263)/(-1407) - (-10)/3?
False
Let r(o) = -33*o - 57. Let m(s) = -5*s - 26. Let u be m(-4). Is 3 a factor of r(u)?
True
Let q = 11708 - -4252. Is q a multiple of 95?
True
Let s(b) = 140*b - 7357. Is s(115) a multiple of 6?
False
Suppose -187 = -13*c + 424. Suppose k = 47 - c. Suppose -v + 24 + 20 = k. Is 11 a factor of v?
True
Suppose -4*z + 696 = -13*y, 0 = 4*z - 6*y + 4*y - 740. Is 19 a factor of z?
False
Let n = 74 + -70. Suppose 3*m + 1035 = -3*z, -z - 3*m = n*z + 1733. Let t = -242 - z. Does 11 divide t?
False
Let z = -1946 - -4088. Is 32 a factor of z?
False
Suppose 2*i + 3*i - 12831 = -2*i. Does 27 divide i?
False
Suppose -15*z + 4739 + 331 = 0. Let u = z + -282. Is 8 a factor of u?
True
Let f be (-6)/10 - (-1561)/35. Let v(u) = -f*u**2 + 42*u**2 + u**3 + 9*u - 2*u - 2 - 2. Does 17 divide v(4)?
False
Does 203 divide ((-1 - 26/3)*-91)/((-502)/(-19578))?
True
Let u = -4281 + 6822. Is 121 a factor of u?
True
Let r = 52989 - 37402. Is 75 a factor of r?
False
Let k(l) = -752*l**3 + 6*l**2 + 5*l. Let d be k(-1). Let h = d - 76. Suppose -2*x - h = -4*i - 53, -3*x = -3*i + 471. Is i a multiple of 19?
False
Let p = 104 - 78. Let s = -26 + p. Let b(q) = -9*q + 50. Does 25 divide b(s)?
True
Does 5 divide 110/(-50)*(-496 + 11)?
False
Let m(o) = o**3 + 14*o**2 + 11*o + 20. Let h be m(-13). Let a = 74 - h. Is 28 a factor of a?
True
Let l(d) = 803*d + 51. Let n be l(-2). Let m = -580 - n. Is m a multiple of 15?
True
Let i(r) = -13*r - 5. Let m be i(-1). Suppose -m*b = -6*b - 416. Suppose -10*c + 828 - b = 0. Does 10 divide c?
False
Let r(l) = -l**3 + 10*l**2 - 22*l + 78. Is 2 a factor of r(8)?
True
Does 9 divide (3267 - 3) + (-11 - -15 - -3)?
False
Suppose 54*r = -85*r + 10625994. Is r a multiple of 18?
True
Let m = -280 - -185. Let y be 152/m - 6/(-10). Is 4 a factor of 34 - (y + 0 - 4/4)?
True
Let n(g) = -g + 7. Let o be n(7). Suppose 5*j = -2*r + 370 - 120, -j + 2 = o. Is r a multiple of 60?
True
Suppose 19*w - 128 = 35*w. Is 2 a factor of (50/w - -2 - -2)*-12?
False
Let l(u) = 310*u + 224. Is l(41) a multiple of 87?
False
Let k(h) = 10*h + 17*h + 7 + 13 - 19*h. Does 33 divide k(13)?
False
Suppose 2*k - 75 = 5*b - 0*k, 0 = -2*b + 4*k - 14. Let r = b + 14. Does 9 divide (-2)/(-4)*(175 - r)?
False
Let j(c) = 11*c**2 - 7*c + 300. Does 99 divide j(-31)?
True
Suppose 3*t - 26370 = -5*c + 8*t, -15832 = -3*c - 2*t. Does 8 divide c?
False
Suppose 0 = -12*m + 9*m + 63. Suppose 20*x = m*x - 252. Is 31 a factor of x?
False
Suppose -3*g = -15, -3*g + 1015 = -4*u + 8236. Is u a multiple of 9?
True
Suppose -5*u = -6*r - 50174 + 5251, 26931 = 3*u + 4*r. Is 239 a factor of u?
False
Suppose -232035 + 3630675 = 136*h. Is h a multiple of 255?
True
Suppose 12*r = 253*r - 369212. Does 34 divide r?
False
Suppose 419*m = 418*m + 7011. Is 7 a factor of m?
False
Let h = -110 - -26. Let u = 172 + h. Is 14 a factor of u?
False
Let m(b) = -6*b**3 - 15*b**2 + 8*b. Let q(c) = -5*c**3 - 15*c**2 + 9*c. Let v(a) = -4*m(a) + 5*q(a). Suppose 295*g = 28*g - 4272. Does 12 divide v(g)?
True
Let t be (-9)/(189/14)*-6. Suppose 137 = 4*g + 3*a - 92, 12 = t*a. Does 6 divide g?
False
Let h be 318/10 - (-1)/5. Suppose -11*j - 15*j - 468 = 0. Does 7 divide (-652)/j + (-2 - h/(-18))?
False
Suppose 5*a + 4*l - 61559 = 0, 4*l = -804*a + 809*a - 61631. Is a a multiple of 73?
False
Suppose 0 = -z + 2*i + 1678, -2*z - 5*i + 0*i = -3365. Is z a multiple of 12?
True
Let c(w) = 3*w + 53. Let v(m) = -m + 1. Suppose -10*y = -14*y + 16. Let r(t) = y*v(t) + c(t). Does 14 divide r(21)?
False
Suppose 0 = 11*s + s + 6348. Let g = 997 + s. Does 18 divide g?
True
Suppose -y + 22822 + 41634 = 3*u, 4*y - u - 257850 = 0. Does 193 divide y?
True
Let v = -127 + 161. Suppose -24*k + v*k = 720. Is k a multiple of 12?
True
Let b be (-9)/(-1*(-3 - -1)/(-2)). Let x(r) = -26*r + 12. Let m be x(b). Let s = m - -316. Is 16 a factor of s?
False
Let f(r) = -321*r - 36. Is 60 a factor of f(-20)?
False
Suppose -2*i - 94 = 2*o, 2*o - 35 = i + 24. Let u = i + 56. Suppose -341 = -4*z - u*f, 3*f = 5*z - 0*z - 380. Is z a multiple of 21?
False
Let u(q) = -5*q**3 + q**2 + 3*q - 11. Let d(w) = 4*w**3 - 2*w + 10. Let y(j) = -6*d(j) - 5*u(j). Let m be y(6). Suppose -4*b + 23 = -m. Does 2 divide b?
False
Let m(t) = -2*t. Let h(s) = 114*s + 12. Let l(i) = -h(i) - 12*m(i). Does 4 divide l(-1)?
False
Suppose -3*q - 45 = -132. Let t = 50 - q. Is 13 a factor of (-453)/(-7) - (-6)/t?
True
Let h = -84 + 1. Let m = h - -135. Is (1 + 20)/(-3 + m/16) a multiple of 28?
True
Suppose 0 = 754*z - 765*z + 10945. Is z a multiple of 11?
False
Let j(c) = 27*c - 33. Let t(n) = n. Let z = 66 - 71. Let d(h) = z*t(h) + j(h). Is d(3) a multiple of 11?
True
Suppose 0 = -4*c + 5*c - 2018. Suppose 4*g = 0, 3*m - g = m - c. Let q = -637 - m. Is q a multiple of 62?
True
Let f = -721 + 3333. Is f a multiple of 49?
False
Suppose 0 = -5*d - u + 68 + 65, 0 = 3*d - 3*u - 87. Suppose d*c - 16*c - 1320 = 0. Is 2 a factor of c?
True
Let z = -504 + 3077. Does 21 divide z?
False
Is 20 a factor of (-916)/687*20*-9?
True
Suppose 5*j + 341 - 331 = 0. Is 32 a factor of (j - (12 - 6))/((-2)/152)?
True
Let w = 17883 + -12178. Is w a multiple of 3?
False
Suppose -27*t + 16*t + 4945 = -10*t. Does 23 divide t?
True
Suppose -8027 = -3*a + 3*l - 2210, 4*a - 3*l - 7755 = 0. Suppose -f - 5*f = -a. Is 22 a factor of f?
False
Let n = -50 - -55. Suppose -2*b + 5*s + 0*s + 265 = 0, n*b - s = 605. Is b a multiple of 10?
True
Suppose -l + 27 = 5*q, 0 = 3*q - 3*l - 1 - 8. Suppose o - q*y = 5*o - 542, -4*o = -3*y - 526. Suppose 5*k = o + 87. Is k a multiple of 44?
True
Let m = 3981 - 3947. Does 12 divide m?
False
Let l(d) = -d**2 + 10*d + 24. Let s be l(12). Suppose -4*w - 5*n + 3 - 1 = s, 3*w = -3*n + 3. Suppose 0 = -w*o + 308 + 169. Is o a multiple of 27?
False
Let m = -3180 - -3811. Is 61 a factor of m?
False
Let c(u) = 1 + 2*u**2 - 557*u - 2 + 560*u. Is 3 a factor of c(-7)?
False
Let z = -2200 + 1272. Let j = 1349 + z. Is j a multiple of 26?
False
Does 20 divide (-1369146)/(-248) - ((-84)/(-16))/7?
True
Let k = 1989 + 1218. Is 115 a factor of k?
False
Let u = -2 - -7. Suppose u*j = 567 - 72. Suppose 3*d = -3*a + j, -a + 167 = 4*a + 4*d. Is 7 a factor of a?
True
Let v(n) = n**3 - 7*n**2 + 4*n + 16. Suppose 11*i - 7*i - 24 = 0. Let a be v(i). Suppose 22 + 100 = m + a*t, 0 = m + 2*t - 112. Does 17 divide m?
True
Let a be 1/4 - 2/(16/(-30)). Let u be 17/1 + -2 + a. Let k = 123 + u. Is 30 a factor of k?
False
